{"id":45,"date":"2019-08-18T09:22:22","date_gmt":"2019-08-18T09:22:22","guid":{"rendered":"http:\/\/kunterpunkt.de\/?page_id=45"},"modified":"2019-08-25T19:26:33","modified_gmt":"2019-08-25T19:26:33","slug":"datenschutz","status":"publish","type":"page","link":"https:\/\/kunterpunkt.de\/?page_id=45","title":{"rendered":"Datenschutz"},"content":{"rendered":"\n<p><strong>Grundlegendes<\/strong><\/p>\n\n\n\n<div class=\"is-layout-flex wp-container-3 wp-block-columns has-2-columns\">\n<div class=\"is-layout-flow wp-block-column\">\n<p> Diese Datenschutzerkl\u00e4rung soll die Nutzer dieser Website \u00fcber die Art,  den Umfang und den Zweck der Erhebung und Verwendung personenbezogener  Daten durch den Websitebetreiber Cordula Schwab informieren. <br> Ich nehme Ihren Datenschutz sehr ernst und behandle Ihre   personenbezogenen Daten vertraulich und entsprechend der gesetzlichen   Vorschriften.  <\/p>\n<\/div>\n\n\n\n<div class=\"is-layout-flow wp-block-column\">\n<p> Da durch neue Technologien und die st\u00e4ndige  Weiterentwicklung dieser  Webseite \u00c4nderungen an dieser  Datenschutzerkl\u00e4rung vorgenommen werden  k\u00f6nnen, empfehle ich, die  Datenschutzerkl\u00e4rung in regelm\u00e4\u00dfigen  Abst\u00e4nden wieder durchzulesen.  <br>Definitionen der verwendeten Begriffe (z.B. \u201cpersonenbezogene Daten\u201d oder \u201cVerarbeitung\u201d) finden sich in Art. 4 DSGVO. <\/p>\n<\/div>\n<\/div>\n\n\n\n<hr class=\"wp-block-separator\"\/>\n\n\n\n<p><strong>Zugriffsdaten<\/strong><\/p>\n\n\n\n<div class=\"is-layout-flex wp-container-6 wp-block-columns has-2-columns\">\n<div class=\"is-layout-flow wp-block-column\">\n<p> Wir, der Websitebetreiber bzw. Seitenprovider, erheben aufgrund unseres  berechtigten Interesses (s. Art. 6 Abs. 1 lit. f. DSGVO) Daten  \u00fcber  Zugriffe auf die Website und   speichern diese als \u201eServer-Logfiles\u201c  auf  dem Server der Website ab. Folgende Daten werden so protokolliert: Besuchte Website, Uhrzeit zum Zeitpunkt des Zugriffes, Menge der  gesendeten Daten in Byte, Quelle\/Verweis, von welchem Sie auf die Seite  gelangten, verwendeter Browser, verwendetes Betriebssystem und  verwendete IP-Adresse.  <\/p>\n<\/div>\n\n\n\n<div class=\"is-layout-flow wp-block-column\">\n<p>\nDie Server-Logfiles werden f\u00fcr maximal 7 Tage gespeichert und \nanschlie\u00dfend gel\u00f6scht. Die Speicherung der Daten erfolgt aus \nSicherheitsgr\u00fcnden, um z. B. Missbrauchsf\u00e4lle aufkl\u00e4ren zu k\u00f6nnen. \nM\u00fcssen Daten aus Beweisgr\u00fcnden aufgehoben werden, sind sie solange von \nder L\u00f6schung ausgenommen bis der Vorfall endg\u00fcltig gekl\u00e4rt ist.\n\n<\/p>\n<\/div>\n<\/div>\n\n\n\n<hr class=\"wp-block-separator\"\/>\n\n\n\n<p><strong>Reichweitenmessung\n&amp; Cookies<\/strong><\/p>\n\n\n\n<div class=\"is-layout-flex wp-container-9 wp-block-columns has-2-columns\">\n<div class=\"is-layout-flow wp-block-column\">\n<p>Diese Website verwendet Cookies zur pseudonymisierten  Reichweitenmessung, die entweder von unserem Server oder dem Server Dritter an den Browser des Nutzers \u00fcbertragen werden. Bei Cookies handelt es sich um kleine Dateien, welche auf Ihrem Endger\u00e4t gespeichert werden. Ihr Browser greift auf diese Dateien zu. Durch den Einsatz von  Cookies erh\u00f6ht sich die Benutzerfreundlichkeit und Sicherheit dieser Website. <\/p>\n<\/div>\n\n\n\n<div class=\"is-layout-flow wp-block-column\">\n<p>Beim ersten Besuch der Website  wird auf die Verwendung von Cookies hingewiesen. Mit der Zustimmung erkl\u00e4ren  Sie sich mit dem Abspeichern von Cookies auf Ihrem System einverstanden. <br>G\u00e4ngige Browser bieten die Einstellungsoption, Cookies nicht zuzulassen. Hinweis: Es ist nicht gew\u00e4hrleistet, dass Sie auf alle Funktionen  dieser Website ohne Einschr\u00e4nkungen zugreifen k\u00f6nnen, wenn Sie  entsprechende Einstellungen vornehmen. <\/p>\n<\/div>\n<\/div>\n\n\n\n<hr class=\"wp-block-separator\"\/>\n\n\n\n<p><strong>Erfassung\nund Verarbeitung personenbezogener Daten<\/strong><\/p>\n\n\n\n<div class=\"is-layout-flex wp-container-12 wp-block-columns has-2-columns\">\n<div class=\"is-layout-flow wp-block-column\">\n<p>Der Websitebetreiber erhebt, nutzt und gibt Ihre personenbezogenen Daten nur dann weiter, wenn dies im gesetzlichen Rahmen erlaubt ist oder Sie in die Datenerhebung einwilligen.  Als personenbezogene Daten gelten s\u00e4mtliche Informationen, welche dazu dienen, Ihre Person zu bestimmen und welche zu Ihnen zur\u00fcckverfolgt werden k\u00f6nnen \u2013 also beispielsweise Ihr Name, Ihre E-Mail-Adresse und  Telefonnummer. <\/p>\n<\/div>\n\n\n\n<div class=\"is-layout-flow wp-block-column\">\n<p>Diese Website k\u00f6nnen Sie auch besuchen, ohne Angaben zu Ihrer Person zu machen. Zur Verbesserung des Online-Angebotes werden jedoch  (ohne Personenbezug) Ihre Zugriffsdaten auf diese Website gespeicherft. Zu diesen Zugriffsdaten geh\u00f6rt z. B.  der Name Ihres Internet-Providers. Durch die Anonymisierung der Daten sind  R\u00fcckschl\u00fcsse auf Ihre Person nicht m\u00f6glich. <\/p>\n<\/div>\n<\/div>\n\n\n\n<hr class=\"wp-block-separator\"\/>\n\n\n\n<p><strong>Umgang\nmit Kontaktdaten<\/strong><\/p>\n\n\n\n<div class=\"is-layout-flex wp-container-15 wp-block-columns has-2-columns\">\n<div class=\"is-layout-flow wp-block-column\">\n<p> Falls Sie mit mir durch die angebotenen Kontaktm\u00f6glichkeiten Verbindung  aufnehmen, werden Ihre Angaben gespeichert, damit auf diese zur  Bearbeitung und <\/p>\n<\/div>\n\n\n\n<div class=\"is-layout-flow wp-block-column\">\n<p> Beantwortung   Ihrer Anfrage zur\u00fcckgegriffen werden kann. Ohne Ihre Einwilligung werden diese Daten nicht an Dritte weitergegeben. <\/p>\n<\/div>\n<\/div>\n\n\n\n<hr class=\"wp-block-separator\"\/>\n\n\n\n<p><strong>Rechte\ndes Nutzers<\/strong><\/p>\n\n\n\n<div class=\"is-layout-flex wp-container-18 wp-block-columns has-2-columns\">\n<div class=\"is-layout-flow wp-block-column\">\n<p>\nSie haben als Nutzer das Recht, auf Antrag eine kostenlose Auskunft \ndar\u00fcber zu erhalten, welche personenbezogenen Daten \u00fcber Sie gespeichert\n wurden. Sie haben au\u00dferdem das Recht auf Berichtigung falscher Daten \nund auf die Verarbeitungseinschr\u00e4nkung oder L\u00f6schung Ihrer \npersonenbezogenen Daten. \n\n<\/p>\n<\/div>\n\n\n\n<div class=\"is-layout-flow wp-block-column\">\n<p>\nFalls zutreffend, k\u00f6nnen Sie auch Ihr Recht auf Datenportabilit\u00e4t \ngeltend machen. Sollten Sie annehmen, dass Ihre Daten unrechtm\u00e4\u00dfig \nverarbeitet wurden, k\u00f6nnen Sie eine Beschwerde bei der zust\u00e4ndigen \nAufsichtsbeh\u00f6rde einreichen.\n\n<\/p>\n<\/div>\n<\/div>\n\n\n\n<hr class=\"wp-block-separator\"\/>\n\n\n\n<p><strong>L\u00f6schung\nvon Daten<\/strong><\/p>\n\n\n\n<div class=\"is-layout-flex wp-container-21 wp-block-columns has-2-columns\">\n<div class=\"is-layout-flow wp-block-column\">\n<p>Sofern Ihr Wunsch nicht mit einer gesetzlichen Pflicht zur Aufbewahrung  von Daten (z. B. Vorratsdatenspeicherung) kollidiert, haben Sie ein Anrecht auf L\u00f6schung Ihrer Daten. Von uns gespeicherte Daten werden,  sollten sie f\u00fcr ihre Zweckbestimmung nicht mehr vonn\u00f6ten sein und es  keine gesetzlichen Aufbewahrungsfristen geben, gel\u00f6scht. <\/p>\n<\/div>\n\n\n\n<div class=\"is-layout-flow wp-block-column\">\n<p>Falls eine L\u00f6schung nicht durchgef\u00fchrt werden kann, da die Daten f\u00fcr zul\u00e4ssige gesetzliche Zwecke erforderlich sind, erfolgt eine Einschr\u00e4nkung der Datenverarbeitung. In diesem Fall werden die Daten gesperrt und nicht f\u00fcr andere Zwecke verarbeitet. <\/p>\n<\/div>\n<\/div>\n\n\n\n<hr class=\"wp-block-separator\"\/>\n\n\n\n<p><strong>Widerspruchsrecht<\/strong><\/p>\n\n\n\n<div class=\"is-layout-flex wp-container-24 wp-block-columns has-2-columns\">\n<div class=\"is-layout-flow wp-block-column\">\n<p>Nutzer dieser Webseite k\u00f6nnen von ihrem Widerspruchsrecht Gebrauch machen und der Verarbeitung ihrer personenbezogenen Daten zu jeder Zeit widersprechen.  <br>Wenn Sie eine Berichtigung, Sperrung, L\u00f6schung oder Auskunft \u00fcber die zu  Ihrer  Person gespeicherten  <\/p>\n<\/div>\n\n\n\n<div class=\"is-layout-flow wp-block-column\">\n<p> personenbezogenen Daten w\u00fcnschen   oder Fragen  bzgl. der Erhebung, Verarbeitung oder Verwendung Ihrer  personenbezogenen Daten haben oder erteilte Einwilligungen widerrufen m\u00f6chten, wenden Sie sich bitte an folgende E-Mail-Adresse:  info[at]kunterpunkt.de <\/p>\n<\/div>\n<\/div>\n\n\n\n<hr class=\"wp-block-separator\"\/>\n\n\n\n<p><strong>Verantwortliche\nStelle<\/strong><\/p>\n\n\n\n<p class=\"has-background has-very-light-gray-background-color\">Bei Fragen wenden Sie sich bitte an:<br> Cordula Schwab <br> Oskar-Schindler-Stra\u00dfe 82 <br> 86157 Augsburg <br> info[at]kunterpunkt.de <\/p>\n","protected":false},"excerpt":{"rendered":"<p>Grundlegendes Diese Datenschutzerkl\u00e4rung soll die Nutzer dieser Website \u00fcber die Art, den Umfang und den Zweck der Erhebung und Verwendung personenbezogener Daten durch den Websitebetreiber Cordula Schwab informieren. Ich nehme Ihren Datenschutz sehr ernst und behandle Ihre personenbezogenen Daten vertraulich und entsprechend der gesetzlichen Vorschriften. Da durch neue Technologien und die st\u00e4ndige Weiterentwicklung dieser Webseite \u00c4nderungen an dieser Datenschutzerkl\u00e4rung vorgenommen werden k\u00f6nnen, empfehle ich, die Datenschutzerkl\u00e4rung in regelm\u00e4\u00dfigen Abst\u00e4nden wieder durchzulesen. Definitionen der verwendeten Begriffe (z.B. \u201cpersonenbezogene Daten\u201d oder \u201cVerarbeitung\u201d) finden sich in Art. 4 DSGVO. Zugriffsdaten Wir, der Websitebetreiber bzw. Seitenprovider, erheben aufgrund unseres berechtigten Interesses (s. Art. 6 Abs. 1 lit. f. DSGVO) Daten \u00fcber Zugriffe auf die Website und speichern diese als \u201eServer-Logfiles\u201c auf dem Server der Website ab. Folgende Daten werden so protokolliert: Besuchte Website, Uhrzeit zum Zeitpunkt des Zugriffes, Menge der gesendeten Daten in Byte, Quelle\/Verweis, von welchem Sie auf die Seite gelangten, verwendeter Browser, verwendetes Betriebssystem und verwendete IP-Adresse. Die Server-Logfiles werden f\u00fcr maximal 7 Tage gespeichert und anschlie\u00dfend gel\u00f6scht. Die Speicherung der Daten erfolgt aus Sicherheitsgr\u00fcnden, um z. B. Missbrauchsf\u00e4lle aufkl\u00e4ren zu k\u00f6nnen. M\u00fcssen Daten aus Beweisgr\u00fcnden aufgehoben werden, sind sie solange von der L\u00f6schung ausgenommen bis der Vorfall endg\u00fcltig gekl\u00e4rt ist. Reichweitenmessung &amp; Cookies Diese Website verwendet Cookies zur pseudonymisierten Reichweitenmessung, die entweder von unserem Server oder dem Server Dritter an den Browser des Nutzers \u00fcbertragen werden. Bei Cookies handelt es sich um kleine Dateien, welche auf Ihrem Endger\u00e4t gespeichert werden. Ihr Browser greift auf diese Dateien zu. Durch den Einsatz von Cookies erh\u00f6ht sich die Benutzerfreundlichkeit und Sicherheit dieser Website. Beim ersten Besuch der Website wird auf die Verwendung von Cookies hingewiesen. Mit der Zustimmung erkl\u00e4ren Sie sich mit dem Abspeichern von Cookies auf Ihrem System einverstanden. G\u00e4ngige Browser bieten die Einstellungsoption, Cookies nicht zuzulassen. Hinweis: Es ist nicht gew\u00e4hrleistet, dass Sie auf alle Funktionen dieser Website ohne Einschr\u00e4nkungen zugreifen k\u00f6nnen, wenn Sie entsprechende Einstellungen vornehmen. Erfassung und Verarbeitung personenbezogener Daten Der Websitebetreiber erhebt, nutzt und gibt Ihre personenbezogenen Daten nur dann weiter, wenn dies im gesetzlichen Rahmen erlaubt ist oder Sie in die Datenerhebung einwilligen. Als personenbezogene Daten gelten s\u00e4mtliche Informationen, welche dazu dienen, Ihre Person zu bestimmen und welche zu Ihnen zur\u00fcckverfolgt werden k\u00f6nnen \u2013 also beispielsweise Ihr Name, Ihre E-Mail-Adresse und Telefonnummer. Diese Website k\u00f6nnen Sie auch besuchen, ohne Angaben zu Ihrer Person zu machen. Zur Verbesserung des Online-Angebotes werden jedoch (ohne Personenbezug) Ihre Zugriffsdaten auf diese Website gespeicherft. Zu diesen Zugriffsdaten geh\u00f6rt z. B. der Name Ihres Internet-Providers. Durch die Anonymisierung der Daten sind R\u00fcckschl\u00fcsse auf Ihre Person nicht m\u00f6glich. Umgang mit Kontaktdaten Falls Sie mit mir durch die angebotenen Kontaktm\u00f6glichkeiten Verbindung aufnehmen, werden Ihre Angaben gespeichert, damit auf diese zur Bearbeitung und Beantwortung Ihrer Anfrage zur\u00fcckgegriffen werden kann. Ohne Ihre Einwilligung werden diese Daten nicht an Dritte weitergegeben. Rechte des Nutzers Sie haben als Nutzer das Recht, auf Antrag eine kostenlose Auskunft dar\u00fcber zu erhalten, welche personenbezogenen Daten \u00fcber Sie gespeichert wurden. Sie haben au\u00dferdem das Recht auf Berichtigung falscher Daten und auf die Verarbeitungseinschr\u00e4nkung oder L\u00f6schung Ihrer personenbezogenen Daten. Falls zutreffend, k\u00f6nnen Sie auch Ihr Recht auf Datenportabilit\u00e4t geltend machen. Sollten Sie annehmen, dass Ihre Daten unrechtm\u00e4\u00dfig verarbeitet wurden, k\u00f6nnen Sie eine Beschwerde bei der zust\u00e4ndigen Aufsichtsbeh\u00f6rde einreichen. L\u00f6schung von Daten Sofern Ihr Wunsch nicht mit einer gesetzlichen Pflicht zur Aufbewahrung von Daten (z. B. Vorratsdatenspeicherung) kollidiert, haben Sie ein Anrecht auf L\u00f6schung Ihrer Daten. Von uns gespeicherte Daten werden, sollten sie f\u00fcr ihre Zweckbestimmung nicht mehr vonn\u00f6ten sein und es keine gesetzlichen Aufbewahrungsfristen geben, gel\u00f6scht. Falls eine L\u00f6schung nicht durchgef\u00fchrt werden kann, da die Daten f\u00fcr zul\u00e4ssige gesetzliche Zwecke erforderlich sind, erfolgt eine Einschr\u00e4nkung der Datenverarbeitung. In diesem Fall werden die Daten gesperrt und nicht f\u00fcr andere Zwecke verarbeitet. Widerspruchsrecht Nutzer dieser Webseite k\u00f6nnen von ihrem Widerspruchsrecht Gebrauch machen und der Verarbeitung ihrer personenbezogenen Daten zu jeder Zeit widersprechen. Wenn Sie eine Berichtigung, Sperrung, L\u00f6schung oder Auskunft \u00fcber die zu Ihrer Person gespeicherten personenbezogenen Daten w\u00fcnschen oder Fragen bzgl. der Erhebung, Verarbeitung oder Verwendung Ihrer personenbezogenen Daten haben oder erteilte Einwilligungen widerrufen m\u00f6chten, wenden Sie sich bitte an folgende E-Mail-Adresse: info[at]kunterpunkt.de Verantwortliche Stelle Bei Fragen wenden Sie sich bitte an: Cordula Schwab Oskar-Schindler-Stra\u00dfe 82 86157 Augsburg info[at]kunterpunkt.de<\/p>\n","protected":false},"author":1,"featured_media":0,"parent":0,"menu_order":0,"comment_status":"closed","ping_status":"closed","template":"","meta":[],"_links":{"self":[{"href":"https:\/\/kunterpunkt.de\/index.php?rest_route=\/wp\/v2\/pages\/45"}],"collection":[{"href":"https:\/\/kunterpunkt.de\/index.php?rest_route=\/wp\/v2\/pages"}],"about":[{"href":"https:\/\/kunterpunkt.de\/index.php?rest_route=\/wp\/v2\/types\/page"}],"author":[{"embeddable":true,"href":"https:\/\/kunterpunkt.de\/index.php?rest_route=\/wp\/v2\/users\/1"}],"replies":[{"embeddable":true,"href":"https:\/\/kunterpunkt.de\/index.php?rest_route=%2Fwp%2Fv2%2Fcomments&post=45"}],"version-history":[{"count":5,"href":"https:\/\/kunterpunkt.de\/index.php?rest_route=\/wp\/v2\/pages\/45\/revisions"}],"predecessor-version":[{"id":332,"href":"https:\/\/kunterpunkt.de\/index.php?rest_route=\/wp\/v2\/pages\/45\/revisions\/332"}],"wp:attachment":[{"href":"https:\/\/kunterpunkt.de\/index.php?rest_route=%2Fwp%2Fv2%2Fmedia&parent=45"}],"curies":[{"name":"wp","href":"https:\/\/api.w.org\/{rel}","templated":true}]}}